(12 - -23))?
-14
What is the value of (-1 - 5) + -8 + 1 + (-337 - -332)?
-18
Calculate 9 - (-22 + -22 + 87).
-34
(-2 + -1 - (-22 + 2)) + -11 + 3
9
What is 35 + -40 + -4 + 6?
-3
What is -29 - (-26 + 19 - 8)?
-14
Evaluate -9 + (-4 - (-20 - (3 + -6))) + 2.
6
What is the value of -258 + 235 - (-46 - -2)?
21
Evaluate -11 + 1 - (727 + -741) - (1 + 26).
-23
Calculate (32 - 34) + -4 - (-1 - 25).
20
What is 12 + -20 + 15 + -2 - 1 - 0?
4
Evaluate 5 - (49 - (-1 - -22)).
-23
Calculate 14 - (-8 - (-4 - 14)).
4
Calculate 343 + -344 + (2 - -6).
7
(39 + -6 - 24) + (0 - 0) + -1
8
What is (-5 - 2) + (-4 - 5) + (-3 - -5)?
-14
-2 + (-21 + 30 - 10)
-3
Evaluate -322 - -307 - (0 - 0).
-15
Calculate -2 - (0 - 9) - (-22 - -36).
-7
Evaluate 2 - (3 - 4) - (1 - 7).
9
Calculate -23 - -78 - 43 - ((40 - 2) + 2).
-28
What is (0 - (4 + -1)) + -224 + 203?
-24
What is the value of 42 - (20 - (-2 - -4))?
24
Evaluate (2 - -8) + (5 + -7 - 8).
0
10 - 0 - 4 - (-82 + 87)
1
-65 + 23 + 37 - (-30 + -1)
26
33 - (-14 + 12) - (4 + 15)
16
-3 + 3 - (5 + 5 + -7 + -24)
21
What is -1 + 0 - (-31 + 24 + 18)?
-12
What is (-23 + 44 - -7) + -23?
5
What is 17 + (13 - (0 - -17))?
13
Evaluate (1 - (-2 + 1 + 9)) + (-6 - -4).
-9
Calculate -10 - (18 + 4 + 1 + -17).
-16
(1 - 0) + (1 - (24 - 16)) + 9
3
Calculate (8 - (6 + -4)) + -4 - (-6 + 1).
7
What is the value of 4 - (6 + 3) - -24?
19
What is (-597 - -586) + 0 + 1?
-10
What is -2 - (1 + 0) - (-61 - -57)?
1
What is the value of (-13 - 3) + (44 - (-34 + 33))?
29
Evaluate (1 - 9) + (-21 + 45 - 19).
-3
What is the value of 35 + -46 + 13 + 15?
17
29 + (-45 - -13) - (6 - (-1 + 4))
-6
What is the value of -570 + 537 - (-19 + 2)?
-16
What is the value of (0 - 18) + 23 - (1 + -2 - 2)?
8
0 - 9 - ((-57 - -34) + 16)
-2
Calculate 13 + -11 + 2 + -1 + 3.
6
(8 + (7 - 16) - -2) + -3 - -11
9
What is 6 - (-8 - (-9 + 4 + -10 + 2))?
1
Evaluate -819 + 825 - (-1 + 1 + 25 + -3).
-16
Evaluate -4 + 4 + (2 + 3 - 9) + 7.
3
Calculate (-2 + -17 - -35) + -17 + 19 + 1.
19
What is the value of -9 + (-6 + 17 - 6) + 2?
-2
Calculate -2 + 6 + (-7 - (15 - 28)).
10
What is 77 + -86 - (0 - -4 - 3)?
-10
Calculate -11 - ((0 - 19) + 397 + -412).
23
What is the value of (-6 + -11 - -14) + 0 + 28 + 5?
30
11 + 42 + -11 + -24
18
Evaluate -1 + -5 + 3 - (6 + -9 + -8).
8
What is (11 + -9 - 4 - (-2 + 1)) + -21?
-22
Calculate 17 - 3 - (19 + -5 + -5).
5
What is -10 + -2 - (-84 - -87)?
-15
13 - (3 - (10 + 1 + -6))
15
Evaluate -959 - -962 - (-17 + 1).
19
What is the value of -11 + 3 + (-19 + -12 - -18)?
-21
What is 5 - (-7 + (-5 + 16 - -3))?
-2
Evaluate 9 + -2 - (-7 + 7 + 17).
-10
What is the value of 6 + (-5 - 3) - 12?
-14
Calculate (-23 - ((-11 - -6) + -8)) + -15.
-25
Calculate 3 + -21 + (73 - (-25 - -49)).
31
What is the value of (-1 - -15) + (176 - 179) + -2?
9
-12 + (11 - (-6 - 4))
9
What is (-13 - -4 - -9) + 9?
9
725 - 726 - (-2 + 6)
-5
What is 11 + -6 + (0 - (17 + -8))?
-4
Calculate -2 + 31 - (-874 + 917).
-14
Evaluate -3 + 17 + -22 - -38.
30
Evaluate (1 - -4) + 2 + -26.
-19
Calculate 13 + (-52 + 15 - -22).
-2
Evaluate 9 - 3 - -8 - (24 + -4).
-6
What is (6 - 22) + (-3 - (-3 + 1 - -6))?
-23
What is the value of -11 - (-2 - 17) - (7 + -4)?
5
What is 17 - ((6 - 9) + 14) - (1 - -20)?
-15
-9 - (20 + (-2 - -17) + -21)
-23
-5 + (-12 - -15) + (-2 - -1) + 0
-3
What is the value of 6 + (-8 - -7 - -7)?
12
Evaluate 3 + -10 - (-133 - -113).
13
-53 + 51 + 9 + -2
5
(-3 - 1) + (8 - 4) - (8 - -1)
-9
Calculate 9 - 0 - (77 - (-40 - -76)).
-32
What is (36 - 17) + -39 - -34?
14
Evaluate 7 - (-15 + -10 + (4 - 9) + 6).
31
Evaluate 6 - (36 + -39 + 2 + 0 + 3).
4
What is (11 + -2 - 10) + 5 + -4 + -14?
-14
What is (8 - -3) + -8 + -1 + -26 + -3?
-27
What is 11 - 10 - (2 - 10 - -3)?
6
1 - (-14 + (5 - (6 + 0 - 5)))
11
Calculate 18 + -6 - (28 - (-4 + 13)).
-7
What is the value of 18 + -15 + 4 + 15?
22
What is the value of (2 - (12 - 27 - -30)) + 17?
4
Evaluate -6 + (-5 - -9) + 2 + 13.
13
What is the value of -16 - (-6 + ((-11 - -34) + -8 - 5))?
-20
Evaluate 7 + 9 + 13 + -14.
15
What is the value of 20 + (5 - (8 - (-4 - -10))) + -2?
21
What is the value of (-8 - -14 - 13) + -6?
-13
-29 - -33 - (-6 + 0 - 7)
17
What is the value of -6 - 4 - (17 - 5 - 6 - 9)?
-7
What is the value of 15 - (-4 - -28 - -12)?
-21
-4 + -3 + 1 + 0 - (-35 - -23)
6
What is 0 - (0 + 1 + 9 + -4) - 4?
-10
Evaluate 2 + (0 - -1) - (250 + -237).
-10
Evaluate 1 + 1 + 32 + -30 + -12.
-8
What is the value of 17 - -11 - (-33 - -59)?
2
Evaluate (4 - 7 - 0) + 0 + 7 + -7.
-3
Calculate 6 + -5 + (-1 - 15) - -7.
-8
Evaluate 67 + -70 - (3 + -1).
-5
What is -1 + -13 - 7 - -4?
-17
What is the value of -20 - -3 - (1 - 15)?
-3
Calculate 14 - (25 - 14) - (-4 + 1).
6
What is the value of -2 - (15 - 66 - -43)?
6
(-1 - 3) + (-51 - -50) - (-7 - -2)
0
Evaluate 0 - ((-22 - 3) + -8 + 10 + 0).
23
Evaluate -5 + -1 + (-9 - -2) + 12 + -2.
-3
Evaluate -4 - (-9 - -3) - (40 + -45).
7
Calculate 3 + 4 + -2 - (-28 - -49).
-16
Evaluate (-8 - 1) + (-186 - -87 - -87).
-21
Evaluate -1 + (-19 - 2) - (48 + -58).
-12
What is the value of (-9 + -26 - -3) + 53?
21
What is the value of -21 + 9 - ((-6 - (-8 + 4)) + 3)?
-13
-26 + (29 + -4 - 14) + -15
-30
Calculate -6 + 4 + 7 + 3.
8
What is the value of -104 - -84 - (-5 + -18)?
3
-98 - (-1 - 21) - -48
-28
9 + (-3 - -3 - -4 - 13) - 19
-19
What is (1 - (-28 + 30)) + 7 + 1?
7
What is the value of -8 - (-16 - 10 - -36)?
-18
9 - (-40 + 18) - (6 - 0)
25
What is 8 - ((-23 - -7 - -11) + 1)?
12
Evaluate -9 - (-2 - (-8 + 4) - 5) - -13.
7
Evaluate 0 + 0 + 86 + -98.
-12
-9 - -4 - ((-5 - -5) + 2)
-7
What is the value of 5 - (40 + -17 + -31)?
13
What is 18 - 7 - (9 + -4)?
6
What is the value of -8 + -18 - (13 - 9) - (-9 + 1)?
-22
Calculate 21 + -38 + 10 + -2.
-9
What is the value of (22 - (-6 + 9 + -4)) + (1 - 0)?
24
Calculate 9 + -8 + -6 + (14 - (-1 - 1)).
11
Calculate -3 + -2 + 2 + (6 - -2).
5
Evaluate (9 - (3 + 2)) + -8 - -9 - -3.
8
What is 9 - (14 + -14 + -2)?
11
Calculate -23 - (2 + -17 - -15 - -4).
-27
Calculate 3 - 1 - -11 - (-29 + -7 - -34).
15
What is the value of 19 + (4 - (34 - 16))?
5
Evaluate 483 + -514 + 0 + 50.
19
(9 - 9) + (-15 - (-4 - 19))
8
What is the value of (0 + 1 - (25 + -34)) + -33?
-23
-18 + 27 - -28 - 15
22
What is the value of 7 + -9 - (11 + -12) - 8?
-9
Calculate 11 + (-11 - 9) + -3.
-12
Calculate -4 + 1 + 2 + -1 + -2 + -1.
-5
Evaluate -1 - (0 + -10) - 1.
8
16 - (17 - (17 + -24))
-8
(11 - (8 - (-12 + 10))) + (1 - 15)
-13
Calculate 9 + (10 - 14) + 7.
12
Evaluate 34 - (43 + -6) - (2 + -5 + -2).
2
1 + 5 + (56 - 109 - -18)
-29
Evaluate (-361 - -332) + (1 - -20).
-8
-48 + 71 + -6 + -7
10
What is -19 + 7 - (-103 + 77)?
14
Evaluate -1 + 25 - (133 - 125).
16
51 + -28 - 55 - (-5 + (1 - 4))
-24
Evaluate 34 - (15 + (-2 - -5)).
16
3 + 2 + (8 + (-5 - 1) - 3)
4
Evaluate 1 + -6 + (2 + -2 - 3).
-8
-5 + 2 + 0 + (6 - (-11 - -24))
-10
Evaluate -2 + (-1 - (-10 - 4) - 6).
5
What is (8 - (44 + -21)) + 0?
-15
40 + (43 - 74) - 45
-36
Calculate (-9 - -10) + -6 + (7 + 2 - -7).
11
Calculate 19 + (4 - (-8 + 12)).
19
What is the value of -4 - (-1 - (13 - 8)) - -6?
8
What is 10 + (-6 - 1 - -2 - -1 - -4)?
10
-1 - (0 + -1 + (-12 - -30 - 11))
-7
33 + -12 - 1 - 5
15
Calculate -5 + 7 + (7 - (7 + 1)).
1
Calculate 7 - (0 + 23 + (-72 - -69)).
-13
Evaluate 2 - 2 - -2 - -10 - (-1 - -1).
12
-24 + 39 + 2 + -11 + 12
18
11 - (17 - 19 - -7)
6
Calculate -2 - -4 - (2 + (-6 + -1 - 5)).
12
What is (-5 - (7 - 5) - (17 - 29)) + 3?
8
Evaluate (-22 - -24) + -8 + (-16 - -2).
-20
0 + (-1 - -15) + (5 - 23)
-4
Calculate (10 - 40) + 21 + (2 - 5).
-12
5 + -11 + 4 + 7 + -3 + -1
1
What is the value of (0 - -5) + (-445 - -452)?
12
Evaluate 4 + 1 + -7 + 1 + 16 + -13.
2
(0 - -2 - 19) + -5
-22
What is the value of (1 - -8 - (6 + 7 + -7)) + -2?
1
(-6 - -3) + 5 - (60 + -49)
-9
What is the value of 12 - (15 + -12 + 8 + -3)?
4
What is -11 + (-2 - (6 + -1)) + -1?
-19
Evaluate (-11 - (-10 + 9)) + 11.
1
Calculate 4 + (6 - (2 + 6)) + (-6 - -19).
15
Calculate (-2 - (-22 - 2)) + 10 + -10.
22
(5 - (-3 - 5)) + (3 - 7)
9
What is the value of (-1 - 6) + (52 - 50) - (-20 - -2)?
13
1 - -1 - ((14 - 12) + -4)
4
Calculate 0 - -4 - (16 + (-5 - 7)).
0
-11 + -6 + 10 - 3
-10
What is the value of -4 + 7 - -6 - (-17 + 9) - 6?
11
What is the value of 6 + (-2 - 2 - -2 - (-19 + 14))?
9
Calculate (3 + -6 - -2) + (20 + -11 - 16).
-8
Ca